
-5
Let a(o) = -o**3 + 5*o**2 + 8*o - 6. What is a(6)?
6
Let t(m) = m**3 - 25*m**2 + 45*m + 19. What is t(23)?
-4
Let y(s) = -14*s**3 + s**2 + s - 1. Calculate y(1).
-13
Let u(g) = -g**3 + 6*g**2 + 6*g - 9. Determine u(7).
-16
Let o(u) = 2*u**2 + 22*u + 66. What is o(-6)?
6
Let b(j) = j**2 + 19*j - 13. Give b(-10).
-103
Let j(s) = 10*s + 440. Calculate j(-45).
-10
Let u(r) = 2*r**2 + 2*r - 53. Determine u(-6).
7
Let g(x) = x**2 + 19*x + 72. Calculate g(-12).
-12
Let c(v) = v**2 - 49*v - 52. What is c(50)?
-2
Let y(n) = -3*n - 7. What is y(3)?
-16
Let w(n) = -n**3 - n**2 + 2*n - 5. Determine w(0).
-5
Let n(k) = k**3 - 7*k**2 + 12*k - 25. Calculate n(6).
11
Let f(n) = n**3 + n**2 + 107. Calculate f(0).
107
Let s(p) = -4*p - 13. What is s(6)?
-37
Let u(n) = 40*n + 7. Determine u(-2).
-73
Let x(b) = -12*b**3 - 3*b**2 - 6*b + 6. Determine x(1).
-15
Let i(h) = -5*h + 71. Determine i(16).
-9
Let d(n) = n**3 + 40*n**2 + 333*n - 39. What is d(-12)?
-3
Let k(b) = -b**2 - 3*b + 4. What is k(-5)?
-6
Let r(h) = -9*h + 8. Give r(2).
-10
Let s(c) = c + 2. Calculate s(6).
8
Let b(v) = 2*v - 9. Give b(6).
3
Let n(p) = -3*p**3 + 2*p**2. Calculate n(-2).
32
Let r(u) = -u**3 - 4*u**2 + 15*u + 10. Calculate r(-6).
-8
Let v(o) = -o**3 + 29*o**2 - 71*o - 189. Calculate v(26).
-7
Let q(g) = g**2 + 55*g - 155. What is q(-58)?
19
Let q(f) = 2*f**3 - 12*f**2 - f + 2. Determine q(6).
-4
Let p(u) = u**3 - 6*u**2 - u + 2. Calculate p(3).
-28
Let c(y) = -3*y**2 + 2*y - 1. What is c(1)?
-2
Let a(b) = -5*b**3 - 109*b**2 + 22*b - 4. Determine a(-22).
-4
Let s(p) = p**2 + 10*p - 187. Determine s(9).
-16
Let h(q) = -41*q**2 + q - 1. Determine h(1).
-41
Let q(o) = o**3 - 5*o**2 - 16*o + 3. Give q(7).
-11
Let n(s) = -17*s**2 + 8*s + 22. What is n(-2)?
-62
Let n(v) = v - 13. Give n(8).
-5
Let f(i) = i**3 - 9*i**2 + 10*i - 12. What is f(8)?
4
Let t(n) = -50*n**2 + 6. What is t(-2)?
-194
Let p(o) = -5*o - 32. Determine p(-16).
48
Let q(y) = 3*y**2 + 4. Determine q(3).
31
Let f(z) = -z**3 + 9*z**2 + 2*z - 8. Calculate f(9).
10
Let o(s) = 25*s + 136. Determine o(-6).
-14
Let r(p) = -8*p**2 - 3. Calculate r(-2).
-35
Let n(r) = r**3 - r**2 - 11. Determine n(0).
-11
Let p(b) = b - 5. Determine p(11).
6
Let t(b) = b**2 + 7*b - 1. Give t(-8).
7
Let r(h) = 74*h + 735. Give r(-10).
-5
Let m(a) = a**3 - 6*a**2 + 6*a - 31. What is m(6)?
5
Let d(v) = -2*v - 39. Calculate d(-21).
3
Let k(q) = 4*q**2 - 6*q + 16. What is k(2)?
20
Let p(l) = -l**3 + 6*l**2 - 3*l + 15. Determine p(6).
-3
Let r(w) = 4*w + 63. Give r(-17).
-5
Let h(y) = y**2 - 14*y + 13. What is h(11)?
-20
Let t(g) = -3*g**2 - 4*g - 4. Determine t(-1).
-3
Let t(v) = 8*v + 70. Give t(-8).
6
Let y(u) = -2*u**2 + 94. Calculate y(-9).
-68
Let n(l) = -8*l**2. What is n(-1)?
-8
Let a(d) = 12*d - 3. Calculate a(4).
45
Let o(w) = -3*w**2 - 12*w - 3. Calculate o(-3).
6
Let n(b) = b**3 - 8*b**2 + 6*b - 9. Calculate n(7).
-16
Let b(u) = -u**3 - 43*u**2 + 141*u + 135. Give b(-46).
-3
Let x(k) = 9*k**3 - k**2 - 15*k + 15. Determine x(1).
8
Let g(o) = o**2. Give g(-8).
64
Let v(m) = -m**3 + 11*m**2 - 12*m + 14. Determine v(10).
-6
Let q(o) = o**2 - 4*o - 8. What is q(5)?
-3
Let p(l) = -6*l - 52. Give p(-10).
8
Let o(d) = -3*d - 2. What is o(4)?
-14
Let l(q) = 21*q - 140. What is l(6)?
-14
Let t(q) = -5*q - 3. Determine t(2).
-13
Let o(z) = 10*z - 12. Determine o(9).
78
Let z(o) = o**3 - 18*o**2 - 21*o + 34. Calculate z(19).
-4
Let w(o) = -11*o - 1. What is w(1)?
-12
Let a(d) = d**2 + 10*d + 10. What is a(-11)?
21
Let i(m) = m**2 + 4*m + 2. Determine i(6).
62
Let i(j) = j**3 - 4*j**2 + 37*j - 151. Give i(4).
-3
Let x(z) = 6*z - 91. Calculate x(0).
-91
Let c(v) = 2*v - 15. Calculate c(21).
27
Let u(j) = -39*j + 34. Determine u(3).
-83
Let j(a) = 21*a + 63. Give j(-3).
0
Let g(v) = -14*v + 22. Calculate g(4).
-34
Let q(o) = 5*o - 20. Determine q(6).
10
Let u(d) = 5*d + 18. Give u(5).
43
Let q(m) = m**2 - 3*m + 1. Give q(2).
-1
Let h(p) = -3*p + 11. Determine h(-4).
23
Let j(o) = -17*o - 25. Calculate j(-2).
9
Let q(k) = -3*k**2 - 4*k + 1. Calculate q(-4).
-31
Let r(p) = -p**3 - 4*p**2 - 4*p - 10. Calculate r(-4).
6
Let d(b) = b**3 - 3*b**2 - 2*b + 3. What is d(4)?
11
Let r(f) = f**2 + 27*f + 83. What is r(-4)?
-9
Let g(s) = -s**2 - 20*s + 32. What is g(-22)?
-12
Let r(f) = -f**3 + 21*f**2 - 21*f + 15. What is r(20)?
-5
Let m(s) = -11*s - 65. Calculate m(-6).
1
Let w(r) = -5*r**2 - 3*r - 3. Give w(-2).
-17
Let g(v) = -4*v + 4. Calculate g(5).
-16
Let p(c) = c**2 - 7*c - 13. What is p(12)?
47
Let p(r) = -r**2 + 34*r + 104. Determine p(37).
-7
Let h(u) = -5*u**2 - 26*u + 18. Give h(-6).
-6
Let x(l) = l**3 + l**2 - 8*l + 15. Give x(4).
63
Let z(s) = s**2 + 13*s + 11. Give z(-9).
-25
Let q(m) = -m + 26. Calculate q(13).
13
Let s(g) = -2*g - 20. Determine s(-10).
0
Let t(s) = -s**2 + 11*s - 27. Determine t(9).
-9
Let p(r) = 2*r**3 - 3*r**2 + 3*r - 8. Give p(4).
84
Let r(y) = y**3 - 10*y**2 + 7*y - 9. Give r(9).
-27
Let c(f) = -f - 4. Give c(4).
-8
Let n(y) = -y**2 + 4*y + 8. Give n(8).
-24
Let q(y) = -y**2 + 9*y + 4. Calculate q(5).
24
Let d(x) = -2*x + 4. Give d(0).
4
Let h(z) = -z**2 + 25*z - 39. Calculate h(24).
-15
Let o(b) = -13*b - 55. Calculate o(-7).
36
Let k(i) = i + 48. Determine k(-31).
17
Let h(v) = -3*v + 33. Calculate h(22).
-33
Let c(s) = -s**2 + 9*s - 18. Calculate c(3).
0
Let q(m) = -2*m**3 - 15*m**2 - 20*m - 6. What is q(-6)?
6
Let k(g) = 2*g - 22. Give k(9).
-4
Let x(g) = -g**3 + 6*g**2 + 8*g. Determine x(4).
64
Let f(r) = -r**2 - 9*r + 11. Calculate f(-10).
1
Let h(q) = q**2 - 10*q. Calculate h(8).
-16
Let v(d) = -d**2 + 3*d + 17. Calculate v(4).
13
Let u(t) = t + 8. What is u(-9)?
-1
Let d(f) = f**2 - 7*f - 9. Calculate d(7).
-9
Let z(k) = k**2 - k - 31. Give z(-7).
25
Let a(r) = -r**3 - 8*r**2 - 4*r - 11. Determine a(-6).
-59
Let v(o) = o**3 + 20*o**2 - 2. What is v(-20)?
-2
Let i(v) = v**3 - v + 7. What is i(5)?
127
Let n(j) = 4*j - 20. Determine n(3).
-8
Let z(x) = -x**3 - 6*x**2 - 4*x. Give z(-3).
-15
Let v(u) = 2*u**3 + 4*u**2 - 15*u + 4. Calculate v(2).
6
Let a(k) = 2*k - 38. Give a(16).
-6
Let l(p) = -p**3 + p - 4. What is l(-2)?
2
Let c(i) = 25*i + 3. Determine c(1).
28
Let o(g) = g**2 - 3*g - 4. Give o(8).
36
Let q(y) = -14*y**3 + y**2 - 2*y - 3. What is q(-1)?
14
Let i(o) = -2*o**2 + 57*o + 45. Give i(29).
16
Let r(h) = -2*h**2 + 2*h + 14. Calculate r(0).
14
Let r(i) = i. Calculate r(19).
19
Let o(t) = t**3 - 13*t**2 + 11*t. Give o(12).
-12
Let d(v) = -2*v**3 - v**2 + 5*v - 3. Determine d(3).
-51
Let h(k) = -7*k + 42. Determine h(7).
-7
Let d(k) = k**3 - 19*k**2 - 39*k - 44. Determine d(21).
19
Let q(x) = 7*x - 100. Calculate q(14).
-2
Let j(l) = -l**3 - 4*l**2 + 3*l + 5. Determine j(-5).
15
Let o(v) = -v**3 + 8*v**2 + 13*v - 10. What is o(10)?
-80
Let s(p) = -p**2 - p - 2. What is s(0)?
-2
Let f(v) = 2*v + 12. Determine f(-6).
0
Let d(q) = 6*q**2 + 57*q - 10. What is d(-10)?
20
Let d(p) = -4*p**2 - 20*p - 25. Calculate d(-4).
-9
Let p(m) = m**3 + 18*m**2 + 17*m - 5. Determine p(-17).
-5
Let h(v) = v**3 + 20*v**2 + 18*v - 18. Calculate h(-19).
1
Let s(t) = -t**3 + 8*t**2 - 2*t + 15. What is s(8)?
-1
Let p(w) = -w**3 + 22*w**2 - 20*w - 29. Calculate p(21).
-8
Let a(d) = -3*d**2 - 30*d. What is a(-13)?
-117
Let r(m) = -4*m**2 + 6*m + 37. Give r(-4).
-51
Let i(z) = -40*z**2 - 3*z - 2. Determine i(-1).
-39
Let f(m) = m**3 + m**2 - 4*m - 5. What is f(-3)?
-11
Let n(r) = -9*r - 194. Calculate n(-21).
-5
Let m(a) = 4*a + 11. Determine m(-5).
-9
Let r(w) = -w**3 + 9*w**2 - 2*w - 1. Give r(0).
-1
Let p(h) = 2*h**3 + h**2 - h - 1. Determine p(-2).
-11
Let f(s) = -6*s + 25. What is f(15)?
-65
Let f(m) = 30*m + 308. Give f(-10).
8
Let m(y) = -y**3 + 9*y**2 - 6*y - 2. Calculate m(8).
14
Let z(b) = b**3 - 15*b**2 - 13*b - 14. Calculate z(16).
34
Let v(c) = 12*c**2 + 136*c + 53. Calculate v(-11).
9
Let j(q) = q**3 - 7*q**2 + 5*q + 7. Calculate j(3).
-14
Let k(c) = -61*c - 439. What is k(-7)?
-12
Let x(l) = -l**3 - 2*l**2 + 9. Give x(-6).
153
Let o(q) = -2*q + 12. Give o(13).
-14
Let k(g) = -10*g. Determine k(1).
-10
Let z(t) = -t**2 + 6*t - 10. Calculate z(5).
-5
Let h(x) = x**3 + 18*x**2 + 16*x - 35. Give h(-17).
-18
Let l(w) = -w + 8. Give l(-8).
16
Let z(q) = 2*q**3 + 35*q**2 + 16*q - 21. Give z(-17).
-4
Let m(u) = -5*u - 16. What is 